True
Does 13 divide 712563?
False
Is 66955 a multiple of 35?
True
Is 71994 a multiple of 13?
True
Is 1669524 a multiple of 1587?
True
Is 1267 a multiple of 46?
False
Is 1624740 a multiple of 78?
True
Is 118026 a multiple of 158?
True
Is 21 a factor of 2074316?
False
Is 10 a factor of 54630?
True
Does 440 divide 3478068?
False
Is 19971831 a multiple of 627?
True
Does 13 divide 5988593?
True
Is 922780 a multiple of 728?
False
Is 12570 a multiple of 15?
True
Does 28 divide 36680?
True
Does 20 divide 64020?
True
Is 321 a factor of 799356?
False
Does 549 divide 1101803?
False
Does 131 divide 184686?
False
Does 39 divide 4719702?
True
Is 1077592 a multiple of 7?
False
Is 15015 a multiple of 3?
True
Is 7 a factor of 1356832?
False
Is 9 a factor of 30681?
True
Does 144 divide 52272?
True
Is 274800 a multiple of 29?
False
Is 628 a factor of 977671?
False
Is 113269 a multiple of 202?
False
Is 113486 a multiple of 40?
False
Does 14 divide 154918?
False
Is 58 a factor of 1672836?
True
Is 100527 a multiple of 323?
False
Is 499189 a multiple of 64?
False
Does 4 divide 80784?
True
Is 109507 a multiple of 12?
False
Is 23 a factor of 586408?
True
Is 8282 a multiple of 88?
False
Is 671647 a multiple of 15?
False
Does 384 divide 560640?
True
Is 27 a factor of 8569773?
True
Is 42 a factor of 8377152?
True
Is 569 a factor of 280181?
False
Does 21 divide 2342674?
False
Does 25 divide 16243975?
True
Is 9435 a multiple of 3?
True
Is 23 a factor of 6172119?
True
Does 58 divide 64786?
True
Is 1543575 a multiple of 165?
True
Does 3 divide 238268?
False
Is 885580 a multiple of 113?
False
Is 365 a factor of 23802?
False
Is 2 a factor of 1071979?
False
Is 31 a factor of 12332234?
True
Is 33182 a multiple of 94?
True
Does 3 divide 62880?
True
Does 157 divide 8412961?
False
Is 11 a factor of 19888?
True
Is 227 a factor of 550021?
True
Is 861845 a multiple of 38?
False
Is 14033036 a multiple of 1537?
False
Is 28 a factor of 918076?
False
Is 1296372 a multiple of 183?
True
Is 63818 a multiple of 26?
False
Does 287 divide 4891826?
False
Does 27 divide 25864?
False
Is 3387151 a multiple of 467?
True
Is 134503 a multiple of 230?
False
Does 62 divide 9465063?
False
Does 182 divide 8192?
False
Does 844 divide 12516520?
True
Does 1041 divide 6417024?
False
Is 5969182 a multiple of 170?
False
Is 24 a factor of 714336?
True
Is 283960 a multiple of 40?
True
Is 38 a factor of 188062?
True
Is 14 a factor of 945080?
False
Is 473 a factor of 137643?
True
Is 87860 a multiple of 23?
True
Does 491 divide 297546?
True
Is 174 a factor of 1348152?
True
Is 327 a factor of 135532?
False
Does 161 divide 1419231?
False
Does 349 divide 13206160?
True
Is 45 a factor of 823410?
True
Is 520950 a multiple of 25?
True
Is 20 a factor of 1352380?
True
Is 887922 a multiple of 58?
True
Is 17 a factor of 6400211?
True
Does 864 divide 874383?
False
Is 161 a factor of 222341?
True
Is 24 a factor of 127630?
False
Is 2097775 a multiple of 11?
False
Does 15 divide 251943?
False
Does 5 divide 346001?
False
Does 432 divide 561168?
True
Is 5 a factor of 97990?
True
Does 5 divide 59800?
True
Does 11 divide 230131?
True
Does 43 divide 121155?
False
Is 49 a factor of 184594?
False
Does 10 divide 92570?
True
Does 10 divide 91210?
True
Is 17548350 a multiple of 30?
True
Is 1080075 a multiple of 15?
True
Is 89 a factor of 1596082?
False
Is 72144 a multiple of 108?
True
Is 598928 a multiple of 16?
True
Is 154588 a multiple of 154?
False
Is 1642691 a multiple of 78?
False
Is 1491344 a multiple of 83?
True
Is 12 a factor of 2574708?
True
Is 173888 a multiple of 572?
True
Does 567 divide 908901?
True
Does 5 divide 31640?
True
Is 469152 a multiple of 16?
True
Does 1041 divide 16713255?
True
Is 136 a factor of 947260?
False
Does 54 divide 34556?
False
Does 20 divide 11075?
False
Is 2083 a factor of 16376839?
False
Does 103 divide 82297?
True
Is 8488054 a multiple of 1232?
False
Is 27 a factor of 4915620?
True
Is 126000 a multiple of 70?
True
Is 155 a factor of 70990?
True
Is 178 a factor of 7670554?
True
Does 10 divide 621339?
False
Does 645 divide 2405850?
True
Is 25 a factor of 874475?
True
Is 69 a factor of 49473?
True
Is 283021 a multiple of 23?
False
Is 497 a factor of 859536?
False
Is 205103 a multiple of 486?
False
Is 2 a factor of 122728?
True
Is 9 a factor of 20835?
True
Is 49 a factor of 3183922?
True
Is 1065598 a multiple of 12?
False
Does 120 divide 16671695?
False
Is 14 a factor of 21330437?
False
Is 4475 a multiple of 2?
False
Does 463 divide 52798?
False
Does 99 divide 437481?
True
Does 54 divide 380180?
False
Is 27 a factor of 89694?
True
Is 26 a factor of 6142370?
True
Is 16606810 a multiple of 1110?
False
Does 8 divide 36360?
True
Is 379559 a multiple of 269?
True
Is 321 a factor of 249096?
True
Is 97171 a multiple of 47?
False
Does 104 divide 14064926?
False
Is 103458 a multiple of 3?
True
Does 793 divide 520208?
True
Is 399768 a multiple of 13?
False
Is 468996 a multiple of 242?
True
Does 275 divide 1331550?
True
Does 15 divide 1621740?
True
Is 68 a factor of 4637192?
True
Is 17 a factor of 9909717?
False
Is 88758 a multiple of 11?
False
Is 24915 a multiple of 2?
False
Is 2421 a multiple of 3?
True
Does 43 divide 65188?
True
Is 6015657 a multiple of 43?
True
Does 41 divide 42108?
False
Does 14 divide 32984?
True
Does 347 divide 6882554?
False
Is 17 a factor of 4879?
True
Is 1121 a factor of 5060194?
True
Is 128 a factor of 141276?
False
Is 21 a factor of 707082?
False
Does 270 divide 1872096?
False
Does 7 divide 51452?
False
Is 606677 a multiple of 4?
False
Is 10 a factor of 3180?
True
Does 12 divide 106264?
False
Does 922 divide 4951140?
True
Is 4048 a multiple of 184?
True
Is 43691 a multiple of 13?
False
Is 110 a factor of 1558370?
True
Is 58 a factor of 3397814?
True
Is 2954743 a multiple of 90?
False
Does 99 divide 172885?
False
Does 13 divide 853671?
True
Does 152 divide 10769434?
False
Is 23 a factor of 363812?
False
Is 7046382 a multiple of 35?
False
Is 30144 a multiple of 192?
True
Is 2 a factor of 161037?
False
Is 8 a factor of 44814?
False
Is 5 a factor of 3937490?
True
Does 340 divide 24664957?
False
Is 20 a factor of 452188?
False
Is 10 a factor of 55550?
True
Does 129 divide 151059?
True
Is 230356 a multiple of 76?
True
Is 9 a factor of 28046?
False
Is 11 a factor of 123388?
False
Is 689351 a multiple of 78?
False
Does 51 divide 184796?
False
Is 7 a factor of 257439?
True
Is 3245319 a multiple of 669?
True
Does 4 divide 587069?
False
Is 10507637 a multiple of 1057?
True
Is 1397512 a multiple of 584?
True
Is 320989 a multiple of 22?
False
Does 22 divide 2133846?
True
Is 33 a factor of 1026932?
False
Is 51788 a multiple of 242?
True
Is 590 a factor of 1584624?
False
Does 33 divide 5347515?
False
Does 333 divide 13386186?
False
Does 34 divide 298690?
True
Is 7607 a multiple of 78?
False
Is 4912452 a multiple of 17?
False
Is 1858566 a multiple of 153?
False
Is 28 a factor of 326900?
True
Is 172 a factor of 580844?
True
Does 38 divide 317994?
False
Is 4122025 a multiple of 160?
False
Is 355 a factor of 178210?
True
Is 5412136 a multiple of 70?
False
Is 3 a factor of 135229?
False
Is 76709 a multiple of 10?
False
Is 19 a factor of 124596?
False
Is 3 a factor of 4254?
True
Is 1660273 a multiple of 37?
False
Is 331992 a multiple of 261?
True
Does 169 divide 87711?
True
Is 825307 a multiple of 69?
False
Is 619612 a multiple of 12?
False
Is 6 a factor of 6968886?
True
Is 319 a factor of 2419615?
True
Is 409 a factor of 882744?
False
Does 53 divide 865312?
False
Is 368 a factor of 761760?
True
Does 787 divide 19013133?
True
Is 1095466 a multiple of 624?
False
Does 56 divide 2288600?
False
Does 20 divide 4265842?
False
Is 79790 a multiple of 68?
False
Is 131822 a multiple of 19?
True
Does 14 divide 226821?
False
Is 13 a factor of 13741584?
False
Is 652080 a multiple of 152?
True
Is 5 a factor of 539707?
False
Does 7 divide 74576?
False
Is 305256 a multiple of 56?
True
Does 17 divide 6567993?
False
Is 447273 a multiple of 30?
False
Is 13 a factor of 119859?
False
Does 699 divide 2449995?
True
Is 7 a factor of 188020?
True
Is 378 a factor of 117936?
True
Does 11 divide 1261007?
True
Is 2 a factor of 347681?
False
Is 414492 a multiple of 206?
False
Does 16 divide 43423376?
True
Is 2556680 a multiple of 92?